{"id":12494,"date":"2026-04-17T20:58:34","date_gmt":"2026-04-17T20:58:34","guid":{"rendered":"https:\/\/www.imperatricebijoux.com\/?post_type=product&#038;p=12494"},"modified":"2026-04-18T15:27:49","modified_gmt":"2026-04-18T15:27:49","slug":"collana-lumiere","status":"publish","type":"product","link":"https:\/\/www.imperatricebijoux.com\/?product=collana-lumiere","title":{"rendered":"Collana Lumi\u00e8re"},"content":{"rendered":"<p>Il ciondolo &#8220;Lumi\u00e8re&#8221; \u00e8 stato realizzato nel mio atelier con un pregiato autentico cristallo di Swarovski\u00ae nella raffinata sfumatura rosa scuro 6 mm, incastonato in una base in argento 925 placcato oro rosa.<\/p>\n<p>La catenina \u00e8 lunga 40 cm ed \u00e8 interamente in argento 925 placcato oro rosa.<\/p>\n","protected":false},"excerpt":{"rendered":"<p>Cristallo rosa scuro<\/p>\n","protected":false},"featured_media":10715,"comment_status":"open","ping_status":"closed","template":"","meta":{"_uag_custom_page_level_css":"","site-sidebar-layout":"default","site-content-layout":"","ast-site-content-layout":"default","site-content-style":"default","site-sidebar-style":"default","ast-global-header-display":"","ast-banner-title-visibility":"","ast-main-header-display":"","ast-hfb-above-header-display":"","ast-hfb-below-header-display":"","ast-hfb-mobile-header-display":"","site-post-title":"","ast-breadcrumbs-content":"","ast-featured-img":"","footer-sml-layout":"","ast-disable-related-posts":"","theme-transparent-header-meta":"default","adv-header-id-meta":"","stick-header-meta":"default","header-above-stick-meta":"","header-main-stick-meta":"","header-below-stick-meta":"","astra-migrate-meta-layouts":"set","ast-page-background-enabled":"default","ast-page-background-meta":{"desktop":{"background-color":"var(--ast-global-color-4)","background-image":"","background-repeat":"repeat","background-position":"center center","background-size":"auto","background-attachment":"scroll","background-type":"","background-media":"","overlay-type":"","overlay-color":"","overlay-opacity":"","overlay-gradient":""},"tablet":{"background-color":"","background-image":"","background-repeat":"repeat","background-position":"center center","background-size":"auto","background-attachment":"scroll","background-type":"","background-media":"","overlay-type":"","overlay-color":"","overlay-opacity":"","overlay-gradient":""},"mobile":{"background-color":"","background-image":"","background-repeat":"repeat","background-position":"center center","background-size":"auto","background-attachment":"scroll","background-type":"","background-media":"","overlay-type":"","overlay-color":"","overlay-opacity":"","overlay-gradient":""}},"ast-content-background-meta":{"desktop":{"background-color":"var(--ast-global-color-5)","background-image":"","background-repeat":"repeat","background-position":"center center","background-size":"auto","background-attachment":"scroll","background-type":"","background-media":"","overlay-type":"","overlay-color":"","overlay-opacity":"","overlay-gradient":""},"tablet":{"background-color":"var(--ast-global-color-5)","background-image":"","background-repeat":"repeat","background-position":"center center","background-size":"auto","background-attachment":"scroll","background-type":"","background-media":"","overlay-type":"","overlay-color":"","overlay-opacity":"","overlay-gradient":""},"mobile":{"background-color":"var(--ast-global-color-5)","background-image":"","background-repeat":"repeat","background-position":"center center","background-size":"auto","background-attachment":"scroll","background-type":"","background-media":"","overlay-type":"","overlay-color":"","overlay-opacity":"","overlay-gradient":""}}},"product_brand":[],"product_cat":[52],"product_tag":[79,161,163,167,171,169,170],"class_list":{"0":"post-12494","1":"product","2":"type-product","3":"status-publish","4":"has-post-thumbnail","6":"product_cat-collane","7":"product_tag-argento-925","8":"product_tag-cristalli","9":"product_tag-fatto-a-mano","10":"product_tag-festa-della-mamma","11":"product_tag-punto-luce","12":"product_tag-regalo-natale","13":"product_tag-regalo-per-lei","14":"desktop-align-center","15":"tablet-align-center","16":"mobile-align-center","17":"ast-product-gallery-layout-horizontal-slider","18":"ast-magnify-disabled","19":"ast-product-tabs-layout-horizontal","21":"first","22":"instock","23":"taxable","24":"shipping-taxable","25":"purchasable","26":"product-type-simple"},"uagb_featured_image_src":{"full":["https:\/\/www.imperatricebijoux.com\/wp-content\/uploads\/2026\/04\/collana-lumiere-rosa-scuro.jpg",1892,1892,false],"thumbnail":["https:\/\/www.imperatricebijoux.com\/wp-content\/uploads\/2026\/04\/collana-lumiere-rosa-scuro-600x600.jpg",600,600,true],"medium":["https:\/\/www.imperatricebijoux.com\/wp-content\/uploads\/2026\/04\/collana-lumiere-rosa-scuro-900x900.jpg",900,900,true],"medium_large":["https:\/\/www.imperatricebijoux.com\/wp-content\/uploads\/2026\/04\/collana-lumiere-rosa-scuro-768x768.jpg",768,768,true],"large":["https:\/\/www.imperatricebijoux.com\/wp-content\/uploads\/2026\/04\/collana-lumiere-rosa-scuro-1500x1500.jpg",1500,1500,true],"1536x1536":["https:\/\/www.imperatricebijoux.com\/wp-content\/uploads\/2026\/04\/collana-lumiere-rosa-scuro-1536x1536.jpg",1536,1536,true],"2048x2048":["https:\/\/www.imperatricebijoux.com\/wp-content\/uploads\/2026\/04\/collana-lumiere-rosa-scuro.jpg",1892,1892,false],"woocommerce_thumbnail":["https:\/\/www.imperatricebijoux.com\/wp-content\/uploads\/2026\/04\/collana-lumiere-rosa-scuro-900x900.jpg",900,900,true],"woocommerce_single":["https:\/\/www.imperatricebijoux.com\/wp-content\/uploads\/2026\/04\/collana-lumiere-rosa-scuro-1500x1500.jpg",1500,1500,true],"woocommerce_gallery_thumbnail":["https:\/\/www.imperatricebijoux.com\/wp-content\/uploads\/2026\/04\/collana-lumiere-rosa-scuro-100x100.jpg",100,100,true]},"uagb_author_info":{"display_name":"Svetlana","author_link":"https:\/\/www.imperatricebijoux.com\/?author=0"},"uagb_comment_info":0,"uagb_excerpt":"Cristallo rosa scuro","_links":{"self":[{"href":"https:\/\/www.imperatricebijoux.com\/index.php?rest_route=\/wp\/v2\/product\/12494","targetHints":{"allow":["GET"]}}],"collection":[{"href":"https:\/\/www.imperatricebijoux.com\/index.php?rest_route=\/wp\/v2\/product"}],"about":[{"href":"https:\/\/www.imperatricebijoux.com\/index.php?rest_route=\/wp\/v2\/types\/product"}],"replies":[{"embeddable":true,"href":"https:\/\/www.imperatricebijoux.com\/index.php?rest_route=%2Fwp%2Fv2%2Fcomments&post=12494"}],"version-history":[{"count":1,"href":"https:\/\/www.imperatricebijoux.com\/index.php?rest_route=\/wp\/v2\/product\/12494\/revisions"}],"predecessor-version":[{"id":12495,"href":"https:\/\/www.imperatricebijoux.com\/index.php?rest_route=\/wp\/v2\/product\/12494\/revisions\/12495"}],"wp:featuredmedia":[{"embeddable":true,"href":"https:\/\/www.imperatricebijoux.com\/index.php?rest_route=\/wp\/v2\/media\/10715"}],"wp:attachment":[{"href":"https:\/\/www.imperatricebijoux.com\/index.php?rest_route=%2Fwp%2Fv2%2Fmedia&parent=12494"}],"wp:term":[{"taxonomy":"product_brand","embeddable":true,"href":"https:\/\/www.imperatricebijoux.com\/index.php?rest_route=%2Fwp%2Fv2%2Fproduct_brand&post=12494"},{"taxonomy":"product_cat","embeddable":true,"href":"https:\/\/www.imperatricebijoux.com\/index.php?rest_route=%2Fwp%2Fv2%2Fproduct_cat&post=12494"},{"taxonomy":"product_tag","embeddable":true,"href":"https:\/\/www.imperatricebijoux.com\/index.php?rest_route=%2Fwp%2Fv2%2Fproduct_tag&post=12494"}],"curies":[{"name":"wp","href":"https:\/\/api.w.org\/{rel}","templated":true}]}}